 is divided by 28350?
294
Calculate the remainder when 140277 is divided by 4382.
53
Calculate the remainder when 177743 is divided by 59219.
86
Calculate the remainder when 733303 is divided by 254.
5
What is the remainder when 1514439 is divided by 84133?
45
Calculate the remainder when 4864016 is divided by 3130.
3126
What is the remainder when 89689 is divided by 97?
61
Calculate the remainder when 108271 is divided by 3134.
1715
What is the remainder when 1738019 is divided by 869004?
11
Calculate the remainder when 118451 is divided by 23186.
2521
Calculate the remainder when 260281 is divided by 152.
57
What is the remainder when 15692027 is divided by 174?
11
Calculate the remainder when 28291 is divided by 2072.
1355
What is the remainder when 115026767 is divided by 202156?
3
Calculate the remainder when 1306156 is divided by 163269.
4
Calculate the remainder when 811358 is divided by 47718.
152
Calculate the remainder when 253717 is divided by 170.
77
What is the remainder when 3152517 is divided by 1054?
3
Calculate the remainder when 23213348 is divided by 9.
8
Calculate the remainder when 6605164 is divided by 53264.
428
Calculate the remainder when 44951850 is divided by 22475924.
2
Calculate the remainder when 2453450 is divided by 6196.
6030
What is the remainder when 2700295 is divided by 2217?
2206
What is the remainder when 4130604 is divided by 1376863?
15
Calculate the remainder when 402844 is divided by 498.
460
What is the remainder when 766152 is divided by 1292?
1288
Calculate the remainder when 162012 is divided by 1339.
1332
What is the remainder when 18581120 is divided by 18?
8
What is the remainder when 390478 is divided by 78047?
243
Calculate the remainder when 49252 is divided by 580.
532
Calculate the remainder when 117799265 is divided by 165.
155
Calculate the remainder when 1367913 is divided by 52401.
5487
What is the remainder when 1129717 is divided by 161386?
15
What is the remainder when 356914 is divided by 2151?
1999
What is the remainder when 4418738 is divided by 2525?
2513
Calculate the remainder when 186835 is divided by 1087.
958
Calculate the remainder when 2050148 is divided by 15770.
48
What is the remainder when 477229 is divided by 676?
649
What is the remainder when 535099 is divided by 13707?
526
What is the remainder when 3232641 is divided by 233?
232
Calculate the remainder when 28455 is divided by 3141.
186
What is the remainder when 218732 is divided by 54664?
76
Calculate the remainder when 41347 is divided by 374.
207
What is the remainder when 3123064 is divided by 4586?
4584
Calculate the remainder when 5245233 is divided by 1001.
994
What is the remainder when 673662 is divided by 897?
15
Calculate the remainder when 3335885 is divided by 1111932.
89
Calculate the remainder when 1710641 is divided by 415.
11
Calculate the remainder when 108918 is divided by 3237.
2097
Calculate the remainder when 4435080 is divided by 23973.
75
What is the remainder when 273458 is divided by 696?
626
Calculate the remainder when 34221 is divided by 152.
21
What is the remainder when 7779306 is divided by 36?
30
Calculate the remainder when 61347 is divided by 3833.
19
Calculate the remainder when 29211 is divided by 29190.
21
What is the remainder when 30976339 is divided by 488?
51
Calculate the remainder when 912056275 is divided by 133.
130
What is the remainder when 1766350 is divided by 1269?
1171
What is the remainder when 1310473 is divided by 34486?
5
Calculate the remainder when 2460043 is divided by 1089.
1081
Calculate the remainder when 13259023 is divided by 259.
36
Calculate the remainder when 122144 is divided by 686.
36
What is the remainder when 46629670 is divided by 419?
417
What is the remainder when 866710 is divided by 1370?
870
What is the remainder when 95622 is divided by 1937?
709
Calculate the remainder when 306942 is divided by 32.
30
Calculate the remainder when 220421 is divided by 34.
33
What is the remainder when 2945 is divided by 273?
215
Calculate the remainder when 629635 is divided by 157159.
999
Calculate the remainder when 8783386 is divided by 107.
77
What is the remainder when 13110 is divided by 7066?
6044
Calculate the remainder when 4685863839 is divided by 41.
38
Calculate the remainder when 5226010 is divided by 307404.
142
What is the remainder when 43289771 is divided by 2209?
2207
Calculate the remainder when 74106 is divided by 260.
6
What is the remainder when 99917 is divided by 4033?
3125
Calculate the remainder when 3524437 is divided by 103654.
201
What is the remainder when 947897 is divided by 647?
42
Calculate the remainder when 1834834 is divided by 222.
4
What is the remainder when 11425344 is divided by 476056?
0
What is the remainder when 2096443 is divided by 2121?
895
Calculate the remainder when 188004 is divided by 46509.
1968
What is the remainder when 881787 is divided by 146951?
81
What is the remainder when 3212118 is divided by 32445?
63
What is the remainder when 303614740 is divided by 248?
244
Calculate the remainder when 12091044 is divided by 1385.
1379
What is the remainder when 4945145 is divided by 4945142?
3
Calculate the remainder when 15273 is divided by 14632.
641
What is the remainder when 14562 is divided by 14470?
92
Calculate the remainder when 13956248 is divided by 110.
108
Calculate the remainder when 11256530 is divided by 1048.
1010
Calculate the remainder when 254728912 is divided by 100.
12
Calculate the remainder when 574371 is divided by 5515.
811
What is the remainder when 1155255 is divided by 1146?
87
Calculate the remainder when 99725752 is divided by 897.
880
Calculate the remainder when 158735 is divided by 311.
125
Calculate the remainder when 72256 is divided by 438.
424
What is the remainder when 2539457 is divided by 14851?
14787
What is the remainder when 39070 is divided by 3425?
1395
What is the remainder when 44268101 is divided by 5433?
17
Calculate the remainder when 1450360 is divided by 1756.
1660
What is the remainder when 174690 is divided by 2337?
1752
What is the remainder when 1067222 is divided by 9044?
30
What is the remainder when 1637938 is divided by 14756?
22
What is the remainder when 19985289 is divided by 522?
519
What is the remainder when 11719386 is divided by 28?
14
Calculate the remainder when 129856672 is divided by 370.
362
What is the remainder when 475120241 is divided by 919?
917
Calculate the remainder when 460730 is divided by 1642.
970
Calculate the remainder when 46731 is divided by 1624.
1259
What is the remainder when 815992 is divided by 159?
4
Calculate the remainder when 78536 is divided by 75727.
2809
Calculate the remainder when 16855223 is divided by 782.
777
What is the remainder when 6236683 is divided by 3142?
2955
What is the remainder when 446872 is divided by 779?
505
What is the remainder when 44289 is divided by 5502?
273
What is the remainder when 39676 is divided by 7652?
1416
Calculate the remainder when 548062 is divided by 641.
7
Calculate the remainder when 7155409 is divided by 548.
173
What is the remainder when 210027 is divided by 209993?
34
What is the remainder when 26588 is divided by 276?
92
Calculate the remainder when 15995609 is divided by 646.
3
Calculate the remainder when 880945 is divided by 310.
235
What is the remainder when 28619226 is divided by 2861922?
6
What is the remainder when 35047 is divided by 775?
172
What is the remainder when 4197429 is divided by 233186?
81
Calculate the remainder when 94629898 is divided by 149.
147
Calculate the remainder when 6489705 is divided by 2958.
2811
What is the remainder when 4270455 is divided by 2931?
2919
Calculate the remainder when 223629773 is divided by 4024.
4021
Calculate the remainder when 800924127 is divided by 136.
135
Calculate the remainder when 743944 is divided by 1439.
1420
Calculate the remainder when 90785 is divided by 5343.
5297
Calculate the remainder when 570237776 is divided by 20.
16
Calculate the remainder when 42342 is divided by 9810.
3102
Calculate the remainder when 1676 is divided by 571.
534
Calculate the remainder when 330904 is divided by 66180.
4
Calculate the remainder when 65220237 is divided by 5.
2
Calculate the remainder when 36